{"id":516,"date":"2021-01-07T16:24:15","date_gmt":"2021-01-07T16:24:15","guid":{"rendered":"https:\/\/riverplasticities.climateactionchildhood.net\/?page_id=516"},"modified":"2021-02-15T01:48:44","modified_gmt":"2021-02-15T01:48:44","slug":"exhibit","status":"publish","type":"page","link":"https:\/\/riverplasticities.climateactionchildhood.net\/index.php\/exhibit\/","title":{"rendered":"THE EXHIBIT"},"content":{"rendered":"\n<p class=\"has-text-color has-background has-text-align-left has-large-font-size has-very-light-gray-color has-very-dark-gray-background-color\">PLASTIC CHILDHOODS<\/p>\n\n\n\n<p class=\"has-text-color has-background has-very-light-gray-color has-very-dark-gray-background-color\">In the geological epoch of the 21<sup>st<\/sup> century now known as \u2018Anthropocene\u2019, in which human activity has dramatically shifted the earth\u2019s geo-biospheric systems, the explosive growth of plastic waste materials poses a pressing global crisis. Despite our wish to manage, control, and ultimately distance ourselves from plastic materials through recycling practices, this problem continues to escalate. Though the familiar \u2018three Rs\u2019 approach (reduce, reuse and recycle), attracts high levels of attention and compliance, it is ineffective because it takes waste \u2018out of sight and out of mind\u2019 and perpetuates consumerism. Recycling behaviours create an appeasing notion of individual morality and \u2018good citizenship\u2019, while veiling capitalist systems that create the <strong>accumulative logics<\/strong> that now fuel human life.<\/p>\n\n\n\n<div class=\"wp-block-group\"><div class=\"wp-block-group__inner-container is-layout-flow wp-block-group-is-layout-flow\">\n<div class=\"wp-block-group has-cyan-bluish-gray-color has-text-color is-layout-flow wp-block-group-is-layout-flow\"><div class=\"wp-block-group__inner-container\"><\/div><\/div>\n<\/div><\/div>\n\n\n\n<p class=\"has-text-color has-background has-very-light-gray-color has-very-dark-gray-background-color\">Attuning to the symbolic life of plastics across childhoods in Cuenca, Ecuador, this exhibition illuminates a pedagogical attention to plastic as a material manifestation of neoliberal subjectivity. In early childhood education, plastic materials speak not only to a human desire for efficiency<strong>,<\/strong> but also make visible capitalist rationalities that inadvertently haunt pedagogical work. For example, pedagogical decision making is often informed by theories of children\u2019s development &#8211; progress-driven narratives which echo the individualist storylines of consumptive market economies.<\/p>\n\n\n\n<p class=\"has-text-color has-background has-very-light-gray-color has-very-dark-gray-background-color\">Yet despite its toxicity, living with\/in the Anthropocene requires a reconceptualization of educational experiences that pay closer attention to how plastics hold<strong> interdeterminate <\/strong>relations with surrounding ecologies. Forming roots that hold together river banks, composing the nests of colibris and framing lattices for new forest saplings &#8211; plastics\u2019 adaptivity makes it impossible to throw away, and calls for new ethical engagements.<\/p>\n\n\n\n<p class=\"has-text-color has-background has-very-light-gray-color has-very-dark-gray-background-color\">Tracing the discourses attached to plastic materials at Nivel Inicial, this exhibition proposes that these all-too-familiar materials are not merely empty vessels for children\u2019s amusement or learning. Rather, they tell stories of human dependencies on progress, production and accumulation. Responding to these dependencies and configuring pedagogies within the aesthetics of increasingly synthetic worlds requires new ways of knowing plastic. Highlighting the vibrant agencies of plastics before-during-and after human use, this exhibit aims to notice the intimacy of our relations and co-formations with\/in plastic ecologies, keeping plastics <em>\u2018in sight and in mind\u2019.<\/em><\/p>\n\n\n\n<div style=\"height:56px\" aria-hidden=\"true\" class=\"wp-block-spacer\"><\/div>\n\n\n\n<p class=\"has-text-align-right\"><em><a href=\"http:\/\/www.cidap.gob.ec\/\">El Centro Interamericano de Artesan\u00edas y Arte Popular<\/a> (CIDAP) \u2013 Cuenca, Ecuador<\/em><\/p>\n\n\n\n<p class=\"has-text-align-right\"><em>May 9th \u2013 May 20th, 2019<\/em><\/p>\n\n\n\n<div class=\"wp-block-buttons alignright is-layout-flex wp-block-buttons-is-layout-flex\">\n<div class=\"wp-block-button is-style-fill\"><a class=\"wp-block-button__link\" href=\"https:\/\/riverplasticities.climateactionchildhood.net\/wp-content\/uploads\/sites\/12\/2021\/01\/plasticPOSTER-1.pdf\">Download the Flyer<\/a><\/div>\n<\/div>\n\n\n\n<div class=\"wp-block-group\"><div class=\"wp-block-group__inner-container is-layout-flow wp-block-group-is-layout-flow\">\n<p>    <\/p>\n\n\n\n<p> <\/p>\n\n\n\n<div style=\"height:150px\" aria-hidden=\"true\" class=\"wp-block-spacer\"><\/div>\n\n\n\n<p> <\/p>\n<\/div><\/div>\n\n\n\n<p style=\"font-size:26px\" class=\"has-text-color has-background has-text-align-center has-very-light-gray-color has-very-dark-gray-background-color\">INSTALLATIONS<\/p>\n\n\n\n<div class=\"wp-block-media-text alignwide has-background has-very-dark-gray-background-color is-stacked-on-mobile\"><figure class=\"wp-block-media-text__media\"><img decoding=\"async\" src=\"https:\/\/riverplasticities.climateactionchildhood.net\/wp-content\/uploads\/sites\/12\/2020\/02\/IMG_2311-1024x683.jpg\" alt=\"\"\/><\/figure><div class=\"wp-block-media-text__content\">\n<p class=\"has-text-color has-text-align-center has-normal-font-size has-very-light-gray-color\"><a href=\"https:\/\/riverplasticities.climateactionchildhood.net\/index.php\/exhibit\/short-film\/\" target=\"_blank\" rel=\"noreferrer noopener\">Short Film<\/a><\/p>\n<\/div><\/div>\n\n\n\n<div class=\"wp-block-media-text alignwide has-media-on-the-right has-background has-very-dark-gray-background-color is-stacked-on-mobile\"><figure class=\"wp-block-media-text__media\"><img decoding=\"async\" src=\"https:\/\/riverplasticities.climateactionchildhood.net\/wp-content\/uploads\/sites\/12\/2021\/01\/IMG_2933-1024x683.jpg\" alt=\"\"\/><\/figure><div class=\"wp-block-media-text__content\">\n<p class=\"has-text-color has-background has-text-align-center has-normal-font-size has-very-light-gray-color has-very-dark-gray-background-color\"><a href=\"https:\/\/riverplasticities.climateactionchildhood.net\/index.php\/exhibit\/wall-of-plastics\/\" target=\"_blank\" rel=\"noreferrer noopener\">Wall of plastics<\/a><\/p>\n<\/div><\/div>\n\n\n\n<div class=\"wp-block-media-text alignwide has-background has-very-dark-gray-background-color is-stacked-on-mobile\"><figure class=\"wp-block-media-text__media\"><img decoding=\"async\" src=\"https:\/\/riverplasticities.climateactionchildhood.net\/wp-content\/uploads\/sites\/12\/2021\/01\/IMG_1986-1024x683.jpg\" alt=\"\"\/><\/figure><div class=\"wp-block-media-text__content\">\n<p class=\"has-text-color has-text-align-center has-normal-font-size has-very-light-gray-color\"><a href=\"https:\/\/riverplasticities.climateactionchildhood.net\/index.php\/exhibit\/photo-series\/\" target=\"_blank\" rel=\"noreferrer noopener\">Photo Series<\/a><\/p>\n<\/div><\/div>\n\n\n\n<div class=\"wp-block-media-text alignwide has-media-on-the-right has-background has-very-dark-gray-background-color is-stacked-on-mobile\"><figure class=\"wp-block-media-text__media\"><img loading=\"lazy\" decoding=\"async\" width=\"1024\" height=\"683\" src=\"https:\/\/riverplasticities.climateactionchildhood.net\/wp-content\/uploads\/sites\/12\/2021\/01\/film-2-1024x683.jpg\" alt=\"\" class=\"wp-image-624\" srcset=\"https:\/\/riverplasticities.climateactionchildhood.net\/wp-content\/uploads\/sites\/12\/2021\/01\/film-2-1024x683.jpg 1024w, https:\/\/riverplasticities.climateactionchildhood.net\/wp-content\/uploads\/sites\/12\/2021\/01\/film-2-300x200.jpg 300w, https:\/\/riverplasticities.climateactionchildhood.net\/wp-content\/uploads\/sites\/12\/2021\/01\/film-2-768x512.jpg 768w, https:\/\/riverplasticities.climateactionchildhood.net\/wp-content\/uploads\/sites\/12\/2021\/01\/film-2-1536x1024.jpg 1536w, https:\/\/riverplasticities.climateactionchildhood.net\/wp-content\/uploads\/sites\/12\/2021\/01\/film-2-2048x1365.jpg 2048w\" sizes=\"auto, (max-width: 1024px) 100vw, 1024px\" \/><\/figure><div class=\"wp-block-media-text__content\">\n<p class=\"has-text-color has-text-align-center has-normal-font-size has-very-light-gray-color\"><a href=\"https:\/\/riverplasticities.climateactionchildhood.net\/index.php\/exhibit\/the-logics-of-plastic\/\" target=\"_blank\" rel=\"noreferrer noopener\">The Logics of Plastic<\/a> <\/p>\n<\/div><\/div>\n\n\n\n<div style=\"height:100px\" aria-hidden=\"true\" class=\"wp-block-spacer\"><\/div>\n\n\n\n<p style=\"font-size:14px\" class=\"has-text-color has-background has-very-light-gray-color has-very-dark-gray-background-color\"><em>Plastic childhoods traces the emergence of a pedagogical project that considers what might happen if researchers, educators, and children think with plastic to reconfigure childhoods in ways which can respond to times of ecological devastation. This exhibition is reflective of a pedagogical commitment to rethinking humans\u2019 relations with waste materials, and honors the reconceptualist engagements by educators, children and families at Nivel Inicial, Santana.<\/em><\/p>\n\n\n\n<p style=\"font-size:14px\" class=\"has-text-color has-background has-very-light-gray-color has-very-dark-gray-background-color\"><em>Installations from &#8216;Plastic Childhoods&#8217; have been featured in  <a href=\"file:\/\/\/G:\/OneDrive%20-%20The%20University%20of%20Western%20Ontario\/Proposals%20and%20Grants\/INSEA%20exhibit%20small%20Making%20Time%20poster%201[17832].pdf\">Making-Time<\/a>, a digital exhibit at the <a href=\"https:\/\/www.insea2019.org\/\">inSEA World Congress<\/a> in Vancouver, BC (2019) and <a href=\"https:\/\/www.londonchildrensmuseum.ca\/news\/disorientating-early-childhood-sensorium\">Disorientating the early childhood sensorium: Micro-interruptions for alternative climate futures<\/a>, a research-creation exhibit with the <a href=\"http:\/\/conference.climateactionchildhood.net\/\">Responding to ecological challenges with\/in contemporary childhoods colloquium<\/a> at the Children&#8217;s Museum in London, ONT (2020).<\/em><\/p>\n\n\n\n<div style=\"height:112px\" aria-hidden=\"true\" class=\"wp-block-spacer\"><\/div>\n\n\n\n<figure class=\"wp-block-gallery columns-3 is-cropped wp-block-gallery-1 is-layout-flex wp-block-gallery-is-layout-flex\"><ul class=\"blocks-gallery-grid\"><li class=\"blocks-gallery-item\"><figure><img loading=\"lazy\" decoding=\"async\" width=\"2560\" height=\"1707\" src=\"https:\/\/riverplasticities.climateactionchildhood.net\/wp-content\/uploads\/sites\/12\/2021\/01\/IMG_2851-scaled.jpg\" alt=\"\" data-id=\"904\" data-full-url=\"https:\/\/riverplasticities.climateactionchildhood.net\/wp-content\/uploads\/sites\/12\/2021\/01\/IMG_2851-scaled.jpg\" data-link=\"https:\/\/riverplasticities.climateactionchildhood.net\/index.php\/exhibit\/wall-of-plastics\/img_2851\/\" class=\"wp-image-904\" srcset=\"https:\/\/riverplasticities.climateactionchildhood.net\/wp-content\/uploads\/sites\/12\/2021\/01\/IMG_2851-scaled.jpg 2560w, https:\/\/riverplasticities.climateactionchildhood.net\/wp-content\/uploads\/sites\/12\/2021\/01\/IMG_2851-300x200.jpg 300w, https:\/\/riverplasticities.climateactionchildhood.net\/wp-content\/uploads\/sites\/12\/2021\/01\/IMG_2851-1024x683.jpg 1024w, https:\/\/riverplasticities.climateactionchildhood.net\/wp-content\/uploads\/sites\/12\/2021\/01\/IMG_2851-768x512.jpg 768w, https:\/\/riverplasticities.climateactionchildhood.net\/wp-content\/uploads\/sites\/12\/2021\/01\/IMG_2851-1536x1024.jpg 1536w, https:\/\/riverplasticities.climateactionchildhood.net\/wp-content\/uploads\/sites\/12\/2021\/01\/IMG_2851-2048x1365.jpg 2048w\" sizes=\"auto, (max-width: 2560px) 100vw, 2560px\" \/><\/figure><\/li><li class=\"blocks-gallery-item\"><figure><img loading=\"lazy\" decoding=\"async\" width=\"2560\" height=\"1707\" src=\"https:\/\/riverplasticities.climateactionchildhood.net\/wp-content\/uploads\/sites\/12\/2021\/01\/IMG_2891-scaled.jpg\" alt=\"\" data-id=\"908\" data-full-url=\"https:\/\/riverplasticities.climateactionchildhood.net\/wp-content\/uploads\/sites\/12\/2021\/01\/IMG_2891-scaled.jpg\" data-link=\"https:\/\/riverplasticities.climateactionchildhood.net\/index.php\/exhibit\/wall-of-plastics\/img_2891\/\" class=\"wp-image-908\" srcset=\"https:\/\/riverplasticities.climateactionchildhood.net\/wp-content\/uploads\/sites\/12\/2021\/01\/IMG_2891-scaled.jpg 2560w, https:\/\/riverplasticities.climateactionchildhood.net\/wp-content\/uploads\/sites\/12\/2021\/01\/IMG_2891-300x200.jpg 300w, https:\/\/riverplasticities.climateactionchildhood.net\/wp-content\/uploads\/sites\/12\/2021\/01\/IMG_2891-1024x683.jpg 1024w, https:\/\/riverplasticities.climateactionchildhood.net\/wp-content\/uploads\/sites\/12\/2021\/01\/IMG_2891-768x512.jpg 768w, https:\/\/riverplasticities.climateactionchildhood.net\/wp-content\/uploads\/sites\/12\/2021\/01\/IMG_2891-1536x1024.jpg 1536w, https:\/\/riverplasticities.climateactionchildhood.net\/wp-content\/uploads\/sites\/12\/2021\/01\/IMG_2891-2048x1365.jpg 2048w\" sizes=\"auto, (max-width: 2560px) 100vw, 2560px\" \/><\/figure><\/li><li class=\"blocks-gallery-item\"><figure><img loading=\"lazy\" decoding=\"async\" width=\"2560\" height=\"1707\" src=\"https:\/\/riverplasticities.climateactionchildhood.net\/wp-content\/uploads\/sites\/12\/2021\/01\/IMG_2895-scaled.jpg\" alt=\"\" data-id=\"909\" data-full-url=\"https:\/\/riverplasticities.climateactionchildhood.net\/wp-content\/uploads\/sites\/12\/2021\/01\/IMG_2895-scaled.jpg\" data-link=\"https:\/\/riverplasticities.climateactionchildhood.net\/index.php\/exhibit\/wall-of-plastics\/img_2895\/\" class=\"wp-image-909\" srcset=\"https:\/\/riverplasticities.climateactionchildhood.net\/wp-content\/uploads\/sites\/12\/2021\/01\/IMG_2895-scaled.jpg 2560w, https:\/\/riverplasticities.climateactionchildhood.net\/wp-content\/uploads\/sites\/12\/2021\/01\/IMG_2895-300x200.jpg 300w, https:\/\/riverplasticities.climateactionchildhood.net\/wp-content\/uploads\/sites\/12\/2021\/01\/IMG_2895-1024x683.jpg 1024w, https:\/\/riverplasticities.climateactionchildhood.net\/wp-content\/uploads\/sites\/12\/2021\/01\/IMG_2895-768x512.jpg 768w, https:\/\/riverplasticities.climateactionchildhood.net\/wp-content\/uploads\/sites\/12\/2021\/01\/IMG_2895-1536x1024.jpg 1536w, https:\/\/riverplasticities.climateactionchildhood.net\/wp-content\/uploads\/sites\/12\/2021\/01\/IMG_2895-2048x1365.jpg 2048w\" sizes=\"auto, (max-width: 2560px) 100vw, 2560px\" \/><\/figure><\/li><\/ul><\/figure>\n\n\n\n<div style=\"height:101px\" aria-hidden=\"true\" class=\"wp-block-spacer\"><\/div>\n\n\n\n<p class=\"has-normal-font-size\"><em>ACKNOWLEDGEMENTS<\/em><\/p>\n\n\n\n<div class=\"wp-block-group\"><div class=\"wp-block-group__inner-container is-layout-flow wp-block-group-is-layout-flow\">\n<p style=\"font-size:11px\"><em><strong>We are deeply grateful to the children, families and community of Santana for their participation in this project.<\/strong><\/em><\/p>\n\n\n\n<div style=\"height:24px\" aria-hidden=\"true\" class=\"wp-block-spacer\"><\/div>\n\n\n\n<p style=\"font-size:11px\">Curator + Pedagogical Coordinator: Alex Berry<\/p>\n\n\n\n<p style=\"font-size:11px\">Atelierista: Valeria Le\u00f3n<\/p>\n\n\n\n<p style=\"font-size:11px\">Audio: Samantha Izquierdo<\/p>\n\n\n\n<p style=\"font-size:11px\">Photography by: Alex Berry, Sylvia Kind, Valeria Le\u00f3n, Samantha Izquierdo <\/p>\n\n\n\n<p style=\"font-size:11px\">Translators: Estefania Cruselles, Samantha Izquierdo, Diana Chac\u00f3n, Cristina Delgado Vintimilla<\/p>\n\n\n\n<p style=\"font-size:11px\">Researchers: Alex Berry, Cristina Delgado Vintimilla, Veronica Pacini-Ketchabaw<\/p>\n\n\n\n<p style=\"font-size:11px\">Participating Educators: Andrea Pati\u00f1o, Diana Chac\u00f3n, Estefania Crusellas, Mar\u00eda Eliza Castro, Carolina Ar\u00e9valo, Mar\u00eda Susana March\u00e1n, Mar\u00eda Cecilia Ca\u00f1izares, Karina Fern\u00e1ndez, Carolina March\u00e1n, Andrea Pinos, Ximena Borrero, Cristina Ochoa, Mar\u00eda Paz Valenzuela<\/p>\n\n\n\n<div style=\"height:62px\" aria-hidden=\"true\" class=\"wp-block-spacer\"><\/div>\n\n\n\n<p style=\"font-size:11px\" class=\"has-text-align-right\"><em>The text of this exhibit draws on the work of Veronica Pacini-Ketchabaw, Affrica Taylor, <em>Cristina Delgado Vintimilla<\/em>, <em><em>Alex Berry<\/em><\/em><\/em> <em> and the conceptual framework of the Common Worlds Research Network.<\/em><\/p>\n\n\n\n<p style=\"font-size:11px\" class=\"has-text-align-right\"><em>This project is generously supported by <a href=\"http:\/\/santana.edu.ec\/\">Santana Unidad Educativa<\/a> and funded by the Social Sciences and Humanities Research Council of Canada (SSHRC).<\/em><\/p>\n\n\n\n<p><\/p>\n<\/div><\/div>\n","protected":false},"excerpt":{"rendered":"<p>PLASTIC CHILDHOODS In the geological epoch of the 21st century now known as \u2018Anthropocene\u2019, in which human activity has dramatically [&hellip;]<\/p>\n","protected":false},"author":2,"featured_media":581,"parent":0,"menu_order":0,"comment_status":"closed","ping_status":"closed","template":"","meta":{"_monsterinsights_skip_tracking":false,"_monsterinsights_sitenote_active":false,"_monsterinsights_sitenote_note":"","_monsterinsights_sitenote_category":0,"footnotes":""},"class_list":["post-516","page","type-page","status-publish","has-post-thumbnail","hentry"],"_links":{"self":[{"href":"https:\/\/riverplasticities.climateactionchildhood.net\/index.php\/wp-json\/wp\/v2\/pages\/516","targetHints":{"allow":["GET"]}}],"collection":[{"href":"https:\/\/riverplasticities.climateactionchildhood.net\/index.php\/wp-json\/wp\/v2\/pages"}],"about":[{"href":"https:\/\/riverplasticities.climateactionchildhood.net\/index.php\/wp-json\/wp\/v2\/types\/page"}],"author":[{"embeddable":true,"href":"https:\/\/riverplasticities.climateactionchildhood.net\/index.php\/wp-json\/wp\/v2\/users\/2"}],"replies":[{"embeddable":true,"href":"https:\/\/riverplasticities.climateactionchildhood.net\/index.php\/wp-json\/wp\/v2\/comments?post=516"}],"version-history":[{"count":52,"href":"https:\/\/riverplasticities.climateactionchildhood.net\/index.php\/wp-json\/wp\/v2\/pages\/516\/revisions"}],"predecessor-version":[{"id":1707,"href":"https:\/\/riverplasticities.climateactionchildhood.net\/index.php\/wp-json\/wp\/v2\/pages\/516\/revisions\/1707"}],"wp:featuredmedia":[{"embeddable":true,"href":"https:\/\/riverplasticities.climateactionchildhood.net\/index.php\/wp-json\/wp\/v2\/media\/581"}],"wp:attachment":[{"href":"https:\/\/riverplasticities.climateactionchildhood.net\/index.php\/wp-json\/wp\/v2\/media?parent=516"}],"curies":[{"name":"wp","href":"https:\/\/api.w.org\/{rel}","templated":true}]}}